
-2443256 (base 8) to base 7
-5503265
What is -177712 (base 9) in base 8?
-330101
Convert -4702c (base 13) to base 15.
-28641
Convert -28b9 (base 15) to base 8.
-21024
1a74187 (base 14) to base 13
296994c
What is -21022220002220 (base 3) in base 16?
-3b6f55
10000200022102 (base 3) to base 7
16444043
What is 30323320331 (base 4) in base 8?
14737075
100011101111100110000 (base 2) to base 5
244434443
-21121022012 (base 3) to base 15
-2e52b
Convert -1024413 (base 8) to base 10.
-272651
What is -1773d6 (base 14) in base 16?
-c9d60
What is -44257 (base 11) in base 10?
-64192
Convert -88718 (base 10) to base 15.
-1b448
-1768368 (base 13) to base 9
-15286320
-50311232 (base 6) to base 13
-3ab587
1378417 (base 10) to base 5
323102132
Convert -227042 (base 10) to base 6.
-4511042
What is 14a8265 (base 11) in base 2?
1001110100001101010000
121123121201 (base 4) to base 3
110112122210102
What is -593ca2 (base 14) in base 16?
-2e78d6
-1514c (base 16) to base 4
-111011030
What is 1031030341 (base 5) in base 9?
4130736
-305151021 (base 6) to base 12
-192b471
What is -182cb (base 16) in base 7?
-561454
What is 6636315 (base 7) in base 6?
25254300
What is c5aa1 (base 13) in base 2?
1010110110011010010
Convert -4025154 (base 8) to base 9.
-1884241
-111110111001010111 (base 2) to base 6
-5304411
121212200001 (base 3) to base 9
555601
Convert 7a982c (base 13) to base 3.
12110122001010
Convert 785415 (base 10) to base 7.
6450561
-6762b (base 16) to base 5
-102022332
Convert 6d4099 (base 14) to base 2.
1110010000011101110111
What is -8438c (base 13) in base 14?
-629ab
Convert -3824f (base 16) to base 8.
-701117
Convert -2b2aa (base 16) to base 10.
-176810
10330021311 (base 4) to base 12
525499
Convert 2453236 (base 8) to base 16.
a569e
What is -1010130110 (base 4) in base 8?
-1043424
Convert -15552350 (base 6) to base 4.
-2020200222
-110101100001010000 (base 2) to base 5
-24003331
What is 4b3ba (base 12) in base 11?
70036
4a136 (base 16) to base 2
1001010000100110110
What is -20000120200000 (base 3) in base 2?
-1100001101010001000011
-10151408 (base 9) to base 6
-252301312
Convert -2a03b5 (base 14) to base 11.
-908378
What is 2ad00 (base 14) in base 5?
11404240
What is 432337 (base 13) in base 16?
180b7a
What is -2ca790 (base 14) in base 15?
-20dd1d
-563812 (base 11) to base 9
-1617831
What is 22a48 (base 15) in base 11?
7597a
12620 (base 8) to base 16
1590
Convert -3c175c (base 13) to base 15.
-1dc92d
What is -867658 (base 11) in base 15?
-1c5b90
What is 112212001121 (base 3) in base 14?
7879a
885245 (base 12) to base 15
2cb985
What is 36109c (base 14) in base 12?
750942
Convert 496b5 (base 13) to base 11.
92620
What is 105321 (base 8) in base 5?
2114122
What is 1125230 (base 12) in base 6?
154225300
Convert -2480a2 (base 11) to base 4.
-1133210002
Convert 11011000000010110 (base 2) to base 13.
3b46a
Convert 9ca9e2 (base 15) to base 2.
11100100001101001100110
What is -163211011 (base 7) in base 9?
-22780881
-332122221 (base 5) to base 14
-297814
-28001 (base 9) to base 5
-1101310
Convert -550231 (base 6) to base 3.
-2022100101
403230140 (base 5) to base 13
448337
What is -a161 (base 15) in base 12?
-1786a
-1411041 (base 6) to base 9
-130687
50914 (base 16) to base 3
121202200101
-10001001010001111110000 (base 2) to base 8
-21121760
-1220222222201 (base 3) to base 4
-3321320110
What is -8a930 (base 12) in base 5?
-21401000
46b93 (base 13) to base 9
216453
What is -1111111011011010001001 (base 2) in base 7?
-50330314
4429d3 (base 15) to base 10
3248973
Convert -361606 (base 8) to base 16.
-1e386
-b337b (base 16) to base 5
-141442300
What is -1421104244 (base 5) in base 16?
-3852bf
Convert 445132123 (base 6) to base 8.
36654263
What is -81df9 (base 16) in base 8?
-2016771
Convert 3a692a (base 12) to base 4.
3223232302
Convert 3320201 (base 4) to base 2.
11111000100001
-7274277 (base 9) to base 4
-32311002130
Convert -2ce3d9 (base 15) to base 10.
-2174379
26825 (base 16) to base 2
100110100000100101
What is ea92 (base 15) in base 14?
14137
What is -1011021222000 (base 3) in base 10?
-615978
282b5 (base 12) to base 15
1179b
1c3b9 (base 15) to base 7
532101
-558757 (base 9) to base 3
-121222211221
-95026 (base 10) to base 14
-268b8
What is 14266233 (base 7) in base 12?
549b83
Convert -435a5 (base 14) to base 8.
-476315
What is 100002202211 (base 3) in base 2?
101011101111011111
112230202 (base 4) to base 16
16b22
What is 1001010011011010010 (base 2) in base 7?
2406530
Convert -11010020221011 (base 3) to base 12.
-89734a
Convert -142104131 (base 5) to base 16.
-b42f9
What is 11b49 (base 16) in base 4?
101231021
431365 (base 7) to base 3
10210211121
2471452 (base 9) to base 2
101001000101000111001
Convert -1000000110011110000 (base 2) to base 12.
-109754
What is -26080 (base 13) in base 3?
-10120120201
Convert 1012322001 (base 4) to base 2.
1000110111010000001
8042 (base 15) to base 13
c419
What is -2737331 (base 8) in base 14?
-160745
Convert -101010000011000010 (base 2) to base 9.
-282222
-232a8 (base 15) to base 2
-11011010101101111
Convert 145630 (base 8) to base 12.
261b4
What is -188387 (base 12) in base 13?
-1203c1
Convert 50478 (base 9) to base 2.
1000000110110000
Convert -775ab8 (base 14) to base 4.
-33130221302
Convert 7b735a (base 12) to base 4.
13210000312
What is -6d4ba7 (base 15) in base 10?
-5230507
What is -1799 (base 11) in base 9?
-3120
Convert 3066035 (base 7) to base 16.
5a31d
Convert -13862 (base 14) to base 2.
-1011110010101110
What is 1500353 (base 7) in base 13?
70b65
What is 28915 (base 12) in base 15?
11b8e
What is 24886 (base 16) in base 5?
14242023
651321 (base 10) to base 9
1202400
756315 (base 8) to base 2
111101110011001101
Convert 101011001010000110010011 (base 2) to base 13.
2461716
Convert 200298 (base 10) to base 14.
52dd0
-6261273 (base 8) to base 7
-20066236
85ac0 (base 15) to base 6
13032213
-1766418 (base 9) to base 2
-11110001011011000001
Convert -203202302202 (base 4) to base 10.
-9317538
Convert 10220221202020 (base 3) to base 9.
3827666
4433102442 (base 5) to base 6
543013015
Convert a9658 (base 11) to base 14.
4201c
What is -6367830 (base 11) in base 6?
-1040141151
100011011011110010101 (base 2) to base 6
40515301
1010110002200 (base 3) to base 9
1113080
3a5b0 (base 12) to base 9
132176
-3ca4a (base 14) to base 4
-210222322
What is 63600443 (base 7) in base 9?
11132828
What is 11101010010011101 (base 2) in base 14?
31a0d
What is -44a153 (base 12) in base 9?
-2050080
-33001 (base 16) to base 2
-110011000000000001
What is -a0b7 (base 14) in base 9?
-41767
What is -485035 (base 9) in base 14?
-7878d
Convert -288364a (base 13) to base 16.
-c43ad5
Convert 2253 (base 9) to base 4.
122010
Convert -1076024 (base 8) to base 4.
-1013300110
Convert 80655 (base 9) to base 8.
147440
-8723271 (base 10) to base 4
-201101231013
Convert -1146934 (base 10) to base 14.
-21bd9c
What is -153114452 (base 6) in base 14?
-600c5a
40e28d (base 16) to base 4
100032022031
What is -81d14 (base 16) in base 15?
-a783c
Convert -24762017 (base 8) to base 2.
-10100111110010000001111
Convert 114030 (base 7) to base 6.
235213
e64d9b (base 15) to base 13
2365a27
What is 59d64 (base 15) in base 4?
1011330313
504145330 (base 6) to base 13
1a20bb7
1020660 (base 7) to base 4
131332203
-33441 (base 12) to base 14
-1ab05
134363 (base 7) to base 5
1304244
What is 5003312 (base 6) in base 16?
3923c
42441013 (base 6) to base 14
24754d
22102001222 (base 3) to base 9
272058
Convert -5431632 (base 7) to base 4.
-2201330220
What is 53827 (base 13) in base 14?
3cd41
What is c3d79 (base 14) in base 8?
1631507
Convert 212031113 (base 4) to base 8.
461527
What is -10101011001111101011 (base 2) in base 12?
-299ab7
What is 313131302 (base 4) in base 11?
145763
Convert 1110001110000100100 (base 2) to base 3.
212200011122
Convert 8915a (base 11) to base 6.
2434325
Convert -488279 (base 10) to base 9.
-823712
-a4be6 (base 16) to base 2
-10100100101111100110
What is -a73a21 (base 11) in base 3?
-10020021221220
-11013b (base 14) to base 4
-2030233221
Convert -16bc7c (base 14) to base 8.
-3034306
Convert -11010000000100100 (base 2) to base 10.
-106532
Convert -152635 (base 10) to base 8.
-452073
Convert 2200012222 (base 3) to base 4.
30312221
Convert -1011001111101100011101 (base 2) t